{"id":129,"date":"2026-03-23T14:10:34","date_gmt":"2026-03-23T13:10:34","guid":{"rendered":"https:\/\/site20.monsitecommeunpro.fr\/?page_id=129"},"modified":"2026-03-23T14:44:54","modified_gmt":"2026-03-23T13:44:54","slug":"sejour-aux-gorges","status":"publish","type":"page","link":"https:\/\/site20.monsitecommeunpro.fr\/?page_id=129","title":{"rendered":"S\u00e9jour aux Gorges"},"content":{"rendered":"\n<p class=\"has-vivid-red-color has-text-color has-link-color has-medium-font-size wp-elements-183d7439858170bfb392b67fedd3be4d\"><strong>Chers clients, \u00e0 l&rsquo;occasion du Pont de l&rsquo;Ascension nous serons ferm\u00e9 durant 4 jours du jeudi 14 Mai jusqu&rsquo;au dimanche 17 Mai.<\/strong><\/p>\n\n\n\n<p><strong>On ne vous laisse pas enti\u00e8rement tomber car nous vous proposons un s\u00e9jour de 4 jours dans les Gorges du Verdon.<\/strong><\/p>\n\n\n\n<p><\/p>\n\n\n\n<div class=\"wp-block-media-text is-stacked-on-mobile\"><figure class=\"wp-block-media-text__media\"><img loading=\"lazy\" decoding=\"async\" width=\"474\" height=\"315\" src=\"https:\/\/site20.monsitecommeunpro.fr\/wp-content\/uploads\/2026\/03\/Gorges-1-1.webp\" alt=\"\" class=\"wp-image-135 size-full\" srcset=\"https:\/\/site20.monsitecommeunpro.fr\/wp-content\/uploads\/2026\/03\/Gorges-1-1.webp 474w, https:\/\/site20.monsitecommeunpro.fr\/wp-content\/uploads\/2026\/03\/Gorges-1-1-300x199.webp 300w\" sizes=\"auto, (max-width: 474px) 100vw, 474px\" \/><\/figure><div class=\"wp-block-media-text__content\">\n<p class=\"has-vivid-cyan-blue-color has-text-color has-link-color wp-elements-50d97ee251e9a03840daf331f9eb1785\"><strong>Envie de profiter et de s&rsquo;amuser ?<\/strong><\/p>\n\n\n\n<p>Le sentier Vidal : Voie d&rsquo;acc\u00e8s et de sortie du canyon de Verdon rejoignant le Sentier de l&rsquo;Imbut. <\/p>\n\n\n\n<p>D\u00e9couvrez des voies anciennement utilis\u00e9es pour acc\u00e9der aux zones de travail en cas d&rsquo;accident.<\/p>\n<\/div><\/div>\n\n\n\n<div class=\"wp-block-media-text has-media-on-the-right is-stacked-on-mobile\"><div class=\"wp-block-media-text__content\">\n<p class=\"has-vivid-cyan-blue-color has-text-color has-link-color wp-elements-8089d575fd7c23c2c867f244ca9ea720\"><strong>Envie de s&rsquo;exercer ? <\/strong><\/p>\n\n\n\n<p>Le sentier Blanc Martel : Aller simple d&rsquo;environ 16 km. Ce sentier s&rsquo;enfonce dans le canyon alternant falaises, tunnels, passages \u00e9troits et escaliers. <\/p>\n\n\n\n<p>Il vous offrira un splendide acc\u00e8s au Verdon.<\/p>\n<\/div><figure class=\"wp-block-media-text__media\"><img loading=\"lazy\" decoding=\"async\" width=\"1024\" height=\"683\" src=\"https:\/\/site20.monsitecommeunpro.fr\/wp-content\/uploads\/2026\/03\/gorges-4.jpg\" alt=\"\" class=\"wp-image-136 size-full\" srcset=\"https:\/\/site20.monsitecommeunpro.fr\/wp-content\/uploads\/2026\/03\/gorges-4.jpg 1024w, https:\/\/site20.monsitecommeunpro.fr\/wp-content\/uploads\/2026\/03\/gorges-4-300x200.jpg 300w, https:\/\/site20.monsitecommeunpro.fr\/wp-content\/uploads\/2026\/03\/gorges-4-768x512.jpg 768w\" sizes=\"auto, (max-width: 1024px) 100vw, 1024px\" \/><\/figure><\/div>\n\n\n\n<div class=\"wp-block-media-text is-stacked-on-mobile\"><figure class=\"wp-block-media-text__media\"><img loading=\"lazy\" decoding=\"async\" width=\"1024\" height=\"512\" src=\"https:\/\/site20.monsitecommeunpro.fr\/wp-content\/uploads\/2026\/03\/Gorges-2-1024x512.jpg\" alt=\"\" class=\"wp-image-138 size-full\" srcset=\"https:\/\/site20.monsitecommeunpro.fr\/wp-content\/uploads\/2026\/03\/Gorges-2-1024x512.jpg 1024w, https:\/\/site20.monsitecommeunpro.fr\/wp-content\/uploads\/2026\/03\/Gorges-2-300x150.jpg 300w, https:\/\/site20.monsitecommeunpro.fr\/wp-content\/uploads\/2026\/03\/Gorges-2-768x384.jpg 768w, https:\/\/site20.monsitecommeunpro.fr\/wp-content\/uploads\/2026\/03\/Gorges-2-1536x768.jpg 1536w, https:\/\/site20.monsitecommeunpro.fr\/wp-content\/uploads\/2026\/03\/Gorges-2.jpg 1920w\" sizes=\"auto, (max-width: 1024px) 100vw, 1024px\" \/><\/figure><div class=\"wp-block-media-text__content\">\n<p class=\"has-vivid-cyan-blue-color has-text-color has-link-color wp-elements-856f812e89a7032e8239a0f8121f1037\"><strong>Envie de se d\u00e9passer ?<\/strong><\/p>\n\n\n\n<p>Le Sentier de l&rsquo;Imbut : L&rsquo;un des parcours les plus connus du canyon. Ici pour vous mettre en difficult\u00e9, vous descendrez vers le Verdon avant de longer vers la rive gauche sur un itin\u00e9raire sauvage, min\u00e9ral et tr\u00e8s encaiss\u00e9.<\/p>\n\n\n\n<p>Paysages magiques et accomplissement personnel garanti.<\/p>\n<\/div><\/div>\n\n\n\n<p><\/p>\n\n\n\n<p><\/p>\n\n\n\n<p><strong>Voyons ensemble le mat\u00e9riel et \u00e9quipement dont vous aurez besoin.<\/strong><\/p>\n\n\n\n<ul class=\"wp-block-list\">\n<li>Indispensable : &#8211; Sac de randonn\u00e9e (30 \u00e0 50L)<\/li>\n\n\n\n<li>Indispensable : &#8211; Hydratation et nourriture<\/li>\n\n\n\n<li>Indispensable : &#8211; Trousse de secours (pansements, cr\u00e8mes)<\/li>\n\n\n\n<li>Facultatif : &#8211; Battons de randonn\u00e9e<\/li>\n\n\n\n<li>Facultatif : &#8211; Serviette<\/li>\n<\/ul>\n\n\n\n<div class=\"wp-block-file\"><a id=\"wp-block-file--media-ca460154-a500-46d6-87c6-b43e145ecd47\" href=\"https:\/\/site20.monsitecommeunpro.fr\/wp-content\/uploads\/2026\/03\/bulletin-dinscription.docx.pdf\">bulletin d&rsquo;inscription.docx<\/a><a href=\"https:\/\/site20.monsitecommeunpro.fr\/wp-content\/uploads\/2026\/03\/bulletin-dinscription.docx.pdf\" class=\"wp-block-file__button wp-element-button\" download aria-describedby=\"wp-block-file--media-ca460154-a500-46d6-87c6-b43e145ecd47\">T\u00e9l\u00e9charger<\/a><\/div>\n\n\n\n<p><\/p>\n\n\n\n<p><\/p>\n\n\n\n<ul class=\"wp-block-social-links is-layout-flex wp-block-social-links-is-layout-flex\">\n\n\n\n<\/ul>\n\n\n\n<p><\/p>\n","protected":false},"excerpt":{"rendered":"<p>Chers clients, \u00e0 l&rsquo;occasion du Pont de l&rsquo;Ascension nous serons ferm\u00e9 durant 4 jours du jeudi 14 Mai jusqu&rsquo;au dimanche [&hellip;]<\/p>\n","protected":false},"author":1,"featured_media":0,"parent":0,"menu_order":0,"comment_status":"closed","ping_status":"closed","template":"","meta":{"_uag_custom_page_level_css":"","site-sidebar-layout":"default","site-content-layout":"","ast-site-content-layout":"default","site-content-style":"default","site-sidebar-style":"default","ast-global-header-display":"","ast-banner-title-visibility":"","ast-main-header-display":"","ast-hfb-above-header-display":"","ast-hfb-below-header-display":"","ast-hfb-mobile-header-display":"","site-post-title":"","ast-breadcrumbs-content":"","ast-featured-img":"","footer-sml-layout":"","ast-disable-related-posts":"","theme-transparent-header-meta":"","adv-header-id-meta":"","stick-header-meta":"","header-above-stick-meta":"","header-main-stick-meta":"","header-below-stick-meta":"","astra-migrate-meta-layouts":"default","ast-page-background-enabled":"default","ast-page-background-meta":{"desktop":{"background-color":"var(--ast-global-color-5)","background-image":"","background-repeat":"repeat","background-position":"center center","background-size":"auto","background-attachment":"scroll","background-type":"","background-media":"","overlay-type":"","overlay-color":"","overlay-opacity":"","overlay-gradient":""},"tablet":{"background-color":"","background-image":"","background-repeat":"repeat","background-position":"center center","background-size":"auto","background-attachment":"scroll","background-type":"","background-media":"","overlay-type":"","overlay-color":"","overlay-opacity":"","overlay-gradient":""},"mobile":{"background-color":"","background-image":"","background-repeat":"repeat","background-position":"center center","background-size":"auto","background-attachment":"scroll","background-type":"","background-media":"","overlay-type":"","overlay-color":"","overlay-opacity":"","overlay-gradient":""}},"ast-content-background-meta":{"desktop":{"background-color":"var(--ast-global-color-4)","background-image":"","background-repeat":"repeat","background-position":"center center","background-size":"auto","background-attachment":"scroll","background-type":"","background-media":"","overlay-type":"","overlay-color":"","overlay-opacity":"","overlay-gradient":""},"tablet":{"background-color":"var(--ast-global-color-4)","background-image":"","background-repeat":"repeat","background-position":"center center","background-size":"auto","background-attachment":"scroll","background-type":"","background-media":"","overlay-type":"","overlay-color":"","overlay-opacity":"","overlay-gradient":""},"mobile":{"background-color":"var(--ast-global-color-4)","background-image":"","background-repeat":"repeat","background-position":"center center","background-size":"auto","background-attachment":"scroll","background-type":"","background-media":"","overlay-type":"","overlay-color":"","overlay-opacity":"","overlay-gradient":""}},"footnotes":""},"class_list":["post-129","page","type-page","status-publish","hentry"],"uagb_featured_image_src":{"full":false,"thumbnail":false,"medium":false,"medium_large":false,"large":false,"1536x1536":false,"2048x2048":false},"uagb_author_info":{"display_name":"admin","author_link":"https:\/\/site20.monsitecommeunpro.fr\/?author=1"},"uagb_comment_info":0,"uagb_excerpt":"Chers clients, \u00e0 l&rsquo;occasion du Pont de l&rsquo;Ascension nous serons ferm\u00e9 durant 4 jours du jeudi 14 Mai jusqu&rsquo;au dimanche [&hellip;]","_links":{"self":[{"href":"https:\/\/site20.monsitecommeunpro.fr\/index.php?rest_route=\/wp\/v2\/pages\/129","targetHints":{"allow":["GET"]}}],"collection":[{"href":"https:\/\/site20.monsitecommeunpro.fr\/index.php?rest_route=\/wp\/v2\/pages"}],"about":[{"href":"https:\/\/site20.monsitecommeunpro.fr\/index.php?rest_route=\/wp\/v2\/types\/page"}],"author":[{"embeddable":true,"href":"https:\/\/site20.monsitecommeunpro.fr\/index.php?rest_route=\/wp\/v2\/users\/1"}],"replies":[{"embeddable":true,"href":"https:\/\/site20.monsitecommeunpro.fr\/index.php?rest_route=%2Fwp%2Fv2%2Fcomments&post=129"}],"version-history":[{"count":3,"href":"https:\/\/site20.monsitecommeunpro.fr\/index.php?rest_route=\/wp\/v2\/pages\/129\/revisions"}],"predecessor-version":[{"id":149,"href":"https:\/\/site20.monsitecommeunpro.fr\/index.php?rest_route=\/wp\/v2\/pages\/129\/revisions\/149"}],"wp:attachment":[{"href":"https:\/\/site20.monsitecommeunpro.fr\/index.php?rest_route=%2Fwp%2Fv2%2Fmedia&parent=129"}],"curies":[{"name":"wp","href":"https:\/\/api.w.org\/{rel}","templated":true}]}}